rue
Does 26 divide 1515930?
True
Is 209 a factor of 397309?
True
Does 149 divide 3964294?
True
Is 31236 a multiple of 46?
False
Does 2 divide 40631?
False
Is 5 a factor of 14585?
True
Is 49 a factor of 1001903?
True
Does 3 divide 372666?
True
Is 8456806 a multiple of 622?
False
Is 313934 a multiple of 360?
False
Is 416 a factor of 4344175?
False
Does 8 divide 199261?
False
Does 477 divide 8912781?
False
Is 29 a factor of 52317?
False
Is 10 a factor of 501470?
True
Is 339 a factor of 891909?
True
Is 248267 a multiple of 64?
False
Does 85 divide 116421?
False
Is 34 a factor of 1062738?
True
Is 1068946 a multiple of 40?
False
Does 30 divide 128310?
True
Is 13920 a multiple of 80?
True
Is 10631901 a multiple of 630?
False
Does 12 divide 147293?
False
Is 1197392 a multiple of 8?
True
Is 26 a factor of 194787?
False
Does 184 divide 1722482?
False
Does 31 divide 4238072?
True
Is 1479120 a multiple of 5?
True
Is 847530 a multiple of 430?
True
Is 2280 a factor of 19074957?
False
Is 771198 a multiple of 158?
True
Does 37 divide 296?
True
Does 17 divide 2774519?
True
Is 1148 a factor of 2843215?
False
Is 622 a factor of 3702370?
False
Is 62 a factor of 151156?
True
Is 232022 a multiple of 19?
False
Does 43 divide 2320452?
True
Is 8493719 a multiple of 281?
False
Is 136 a factor of 741367?
False
Does 61 divide 33001?
True
Does 408 divide 71281?
False
Is 151 a factor of 19822510?
False
Is 60 a factor of 8625900?
True
Is 3 a factor of 3170140?
False
Does 29 divide 202826?
True
Is 1472 a factor of 3781468?
False
Is 1369 a factor of 3252231?
False
Is 392628 a multiple of 25?
False
Is 5457686 a multiple of 169?
True
Is 242 a factor of 121968?
True
Does 30 divide 556440?
True
Is 29509 a multiple of 3?
False
Is 169857 a multiple of 12?
False
Is 23 a factor of 5478117?
True
Does 13 divide 9405600?
False
Is 394740 a multiple of 540?
True
Is 338 a factor of 609414?
True
Does 30 divide 4200780?
True
Does 99 divide 550044?
True
Is 23832 a multiple of 24?
True
Is 199803 a multiple of 65?
False
Does 27 divide 99228?
False
Is 5004832 a multiple of 7?
True
Is 117 a factor of 422721?
True
Is 2918322 a multiple of 45?
False
Is 3697171 a multiple of 107?
True
Does 408 divide 2689130?
False
Is 171 a factor of 1061179?
False
Is 9 a factor of 1772426?
False
Is 106 a factor of 409902?
True
Is 2268432 a multiple of 1424?
True
Does 122 divide 67710?
True
Does 22 divide 514844?
True
Is 312130 a multiple of 65?
True
Is 38362 a multiple of 9?
False
Is 1060318 a multiple of 8?
False
Is 6 a factor of 1099173?
False
Is 2988029 a multiple of 17?
False
Is 3927321 a multiple of 479?
True
Does 137 divide 2381334?
True
Does 53 divide 721383?
True
Is 7 a factor of 210681?
False
Is 109 a factor of 45453?
True
Is 254584 a multiple of 85?
False
Is 436340 a multiple of 20?
True
Is 200 a factor of 326600?
True
Does 25 divide 489025?
True
Is 268474 a multiple of 52?
False
Is 180 a factor of 766166?
False
Does 259 divide 390799?
False
Is 790910 a multiple of 115?
False
Is 104 a factor of 8862915?
False
Is 185 a factor of 12181562?
False
Is 837416 a multiple of 64?
False
Is 500050 a multiple of 50?
True
Does 695 divide 95215?
True
Is 41 a factor of 86715?
True
Does 29 divide 702902?
True
Is 905535 a multiple of 9?
True
Does 239 divide 342886?
False
Is 1324792 a multiple of 54?
False
Does 95 divide 51748?
False
Does 69 divide 48369?
True
Is 993350 a multiple of 480?
False
Is 179 a factor of 5159596?
False
Is 13 a factor of 49305?
False
Does 12 divide 100812?
True
Is 5615682 a multiple of 1182?
True
Does 6 divide 870402?
True
Is 6878278 a multiple of 11?
True
Is 126686 a multiple of 9?
False
Is 156 a factor of 948433?
False
Is 166 a factor of 9525578?
True
Is 60 a factor of 3484620?
True
Is 8463129 a multiple of 12?
False
Is 30 a factor of 828750?
True
Is 44 a factor of 69933?
False
Is 19294 a multiple of 3?
False
Is 8830780 a multiple of 246?
False
Is 557 a factor of 10936138?
True
Is 2 a factor of 1506?
True
Does 22 divide 3399638?
True
Is 629704 a multiple of 8?
True
Does 77 divide 4601905?
True
Is 55670 a multiple of 38?
True
Does 91 divide 73775?
False
Is 685823 a multiple of 61?
True
Is 284698 a multiple of 14?
False
Does 1487 divide 10662600?
False
Is 241815 a multiple of 83?
False
Does 370 divide 4992410?
True
Is 882976 a multiple of 23?
False
Does 3 divide 720245?
False
Is 16 a factor of 622685?
False
Is 226219 a multiple of 119?
True
Is 2975148 a multiple of 99?
True
Is 986205 a multiple of 605?
False
Is 10 a factor of 1946026?
False
Is 23227 a multiple of 2?
False
Does 37 divide 33596?
True
Does 15 divide 103087?
False
Is 179197 a multiple of 17?
True
Is 5 a factor of 13105?
True
Is 13156 a multiple of 10?
False
Does 45 divide 198630?
True
Is 7118738 a multiple of 1469?
False
Does 98 divide 197372?
True
Does 4 divide 426391?
False
Does 57 divide 754430?
False
Is 22 a factor of 2420132?
True
Does 76 divide 8811364?
True
Is 265 a factor of 15754?
False
Does 14 divide 33940?
False
Is 13660 a multiple of 5?
True
Does 6 divide 1876?
False
Does 14 divide 1498?
True
Is 364956 a multiple of 204?
True
Is 7842171 a multiple of 25?
False
Is 9 a factor of 1826969?
False
Is 46 a factor of 689836?
False
Is 9246 a multiple of 39?
False
Is 2702496 a multiple of 56?
False
Does 56 divide 107807?
False
Does 23 divide 300546?
False
Is 12123425 a multiple of 156?
False
Is 66375 a multiple of 45?
True
Is 986 a factor of 1391025?
False
Is 35 a factor of 106295?
True
Does 257 divide 1176803?
True
Is 407 a factor of 703111?
False
Is 80 a factor of 880?
True
Is 7 a factor of 1574043?
False
Is 1445 a factor of 3901500?
True
Is 2592712 a multiple of 951?
False
Is 116 a factor of 828936?
True
Is 1583607 a multiple of 91?
False
Is 139752 a multiple of 36?
True
Is 16039 a multiple of 15?
False
Does 20 divide 26643461?
False
Is 22 a factor of 129301?
False
Is 3775885 a multiple of 505?
True
Is 1536750 a multiple of 75?
True
Is 128 a factor of 226048?
True
Is 7600943 a multiple of 21?
False
Is 344 a factor of 75336?
True
Is 22 a factor of 5344878?
True
Does 159 divide 1104206?
False
Does 49 divide 1790607?
True
Does 13 divide 3379984?
False
Does 469 divide 3305981?
True
Does 524 divide 476233?
False
Is 6 a factor of 1685210?
False
Is 226 a factor of 99730?
False
Does 173 divide 1284179?
True
Does 171 divide 4599780?
False
Is 491569 a multiple of 17?
False
Is 11911263 a multiple of 299?
True
Is 19 a factor of 245983?
False
Is 471171 a multiple of 447?
False
Does 354 divide 185923?
False
Is 3106603 a multiple of 14?
False
Does 20 divide 2994079?
False
Is 39 a factor of 39840?
False
Is 46 a factor of 1087808?
True
Is 16 a factor of 230474?
False
Does 26 divide 3103594?
True
Does 28 divide 220416?
True
Does 20 divide 262996?
False
Is 12 a factor of 490548?
True
Is 65 a factor of 134833?
False
Does 96 divide 148608?
True
Does 19 divide 2912301?
True
Does 10 divide 471160?
True
Does 226 divide 79629?
False
Does 9 divide 363834?
True
Is 122 a factor of 1085439?
False
Does 21 divide 733264?
False
Is 34 a factor of 364854?
True
Does 49 divide 11236695?
False
Is 4 a factor of 152156?
True
Is 135 a factor of 20048?
False
Is 607583 a multiple of 29?
False
Does 150 divide 535050?
True
Is 140423 a multiple of 69?
False
Is 329 a factor of 3625580?
True
Does 4 divide 76654?
False
Is 11 a factor of 1464423?
False
Does 9 divide 380979?
True
Is 364087 a multiple of 55?
False
Is 421 a factor of 5568567?
True
Is 5637082 a multiple of 11?
True
Is 1316 a factor of 2056908?
True
Is 139 a factor of 138135?
False
Is 111524 a multiple of 28?
True
Is 214 a factor of 1406229?
False
Is 27427 a multiple of 7?
False
Is 53 a factor of 785619?
True
Is 6119 a multiple of 89?
False
Is 9309430 a multiple of 97?
False
Is 230867 a multiple of 100?
False
Does 20 divide 223079?
False
Is 681170 a multiple of 14?
True
Is 371045 a multiple of 5?
True
Is 20796683 a multiple of 1012?
False
Is 2238195 a multiple of 20?
False
Does 851 divide 1212967?
False
Is 79521 a multiple of 13?
True
Does 271 divide 2291750?
False
Is 343418 a multiple of 156?
False
Is 10883730 a multiple of 65?
True
Is 202124 a multiple of 26?
True
Is 266538 a multiple of 197?
False
Is 20202908 a multiple of 116?
True
Is 311028 a multiple of 543?
False
Does 563 divide 6729780?
False
Is 31 a fac